t m(t) = 18*t**2 + 54*t + 2915. What is the tens digit of m(61)?
8
Suppose 3*b + 2*a - 17836 = 0, -a = 3*b - 6799 - 11038. What is the hundreds digit of b?
9
Let w(j) = -9*j**2 + 5*j. Let r be w(-8). Suppose -u - 2*t - 422 + 42 = 0, -u = 4*t + 370. Let q = u - r. What is the hundreds digit of q?
2
Suppose 0 = -31*s + 20*s + 22. Suppose 3*o - s*z = 1786, 0 = -7*o + 10*o + 2*z - 1802. What is the tens digit of o?
9
Suppose 42*j = 191239 - 94912 + 102963. What is the thousands digit of j?
4
Suppose -5*o - 229*o + 1124370 = 0. What is the units digit of o?
5
Let d = 335 + -139. Let b = 590 - d. What is the units digit of b?
4
Let k = -169 - -176. Let m(p) = 185*p**2 + p. Let i be m(1). Suppose k*v - i = v. What is the units digit of v?
1
Let a = 484 + 146. Let j = a + -151. What is the tens digit of j?
7
What is the thousands digit of ((-575)/138*-3)/(1/562)?
7
Suppose 5*b + 3*g = 17840, b - 28*g + 31*g = 3580. What is the tens digit of b?
6
Let y(m) = m**2 + 6*m - 27. Let g be (52/(-8))/(5/30). Let c = g - -46. What is the units digit of y(c)?
4
Let k(q) = -q - 15. Let l be k(10). Let g = -22 - l. Suppose g*h = 4 + 98. What is the units digit of h?
4
Suppose -4*a = 5*m - 1108, 3*m - 9*a + 4*a = 687. What is the units digit of m?
4
Suppose a = g + 37746, -150964 = 244*a - 248*a - g. What is the units digit of a?
2
Let l(k) = k**2 + 4*k - 10. Let g be l(-6). Let o(n) = -n - 3*n**2 + n**g + 99 - 47. What is the tens digit of o(0)?
5
Let p = 237 - -205. Let x = p - 11. What is the units digit of x?
1
Let p be -4 + 6*(-1308)/18. Let q = -291 - p. What is the hundreds digit of q?
1
Suppose 0 = 155*l - 1112162 + 447596 - 1103209. What is the tens digit of l?
0
Let a = 1577 + 130. Let l = a - 508. What is the thousands digit of l?
1
Let s = 400 - 885. Let u = s - -736. What is the units digit of u?
1
Suppose 19*j = 25*j - 12. Suppose -247 = -4*d - 3*n, j*d - 5*n - 91 = -0*d. What is the tens digit of d?
5
Suppose -9*s + 12 = -15. Suppose 0*p - 3*p = -4*l + 25, 4*l + s*p = 7. Suppose -4*r + 48 = -r + 3*m, l*r = 2*m + 94. What is the tens digit of r?
2
Let n(c) = 7*c**3 - c**2 - c + 3. Let f be n(3). Let u = -95 + f. What is the units digit of u?
5
Suppose -5*k - 26 + 1 = 0, -2*q - 19 = 5*k. Suppose 5*t - 2*t = -q*i + 4368, -2916 = -2*t - i. What is the thousands digit of t?
1
Let y(g) = 9*g**3 - 11*g**2 + 221*g - 2311. What is the ten thousands digit of y(11)?
1
Suppose -26*f + 29*f + 2*p = 882, -4*f + 1176 = 4*p. Let w = f + 1050. What is the tens digit of w?
4
Let s = -84 + 34. Suppose 2*r = 2*n - 24 - 172, 2*r = -2*n - 216. Let d = s - r. What is the tens digit of d?
5
Let v(q) = -25*q - 151*q - 4 + 8*q. What is the hundreds digit of v(-2)?
3
Let c(l) = 802*l**2 - 76*l + 345. What is the hundreds digit of c(5)?
0
What is the ten thousands digit of (-276)/66 + 8/44 - -54200?
5
Let z be -1 - 0 - 400/16. Let r = 30 + z. Suppose 3*w + 3*m = 33, -2*m - 41 + 15 = -r*w. What is the units digit of w?
8
Let j = -192 + 123. Let m = j + 123. What is the tens digit of 6/27 + (38010/m)/5?
4
What is the thousands digit of (3 - 4906)*(0/(-11) - 1)*7?
4
Let t(i) = -17*i + 104. Let g be t(-9). Suppose g = m + 97. What is the tens digit of m?
6
Let u be (-2)/(-1) - (-1 - 39*-1). Suppose 0 = 3*f - 2*f - 110. Let q = u + f. What is the tens digit of q?
7
Suppose s + 4 = 3*t, -3*t + 0*s + 12 = 3*s. Suppose 27 = t*u - 3*p, -4*u = p - 32 + 13. What is the units digit of u?
6
Let v(j) = j**2 - 3*j - 3. Let c be v(11). Let o = c + -80. Suppose -o*y + 2*d + 345 = -3*d, 275 = 4*y - 3*d. What is the units digit of y?
8
Suppose 432 = 9*w - 108. Suppose 89 = f + w. What is the units digit of (-13 - -7)*f/(-3)?
8
What is the hundreds digit of 116575/(-700)*-14 + (-6)/4?
3
Suppose 0*r - k = -4*r - 18, -5*r - 33 = 4*k. Let n(y) = 2*y**2 - 11*y - 20. Let j be n(r). Let x = -67 + j. What is the tens digit of x?
1
Let c(z) = 54*z - 56. Let p be c(6). Let t(k) = -p*k + 125*k - 51*k. What is the hundreds digit of t(-1)?
1
Let g(d) = -959*d + 1885*d + 279 - 950*d. What is the hundreds digit of g(0)?
2
Let v(q) = 43*q - 1483. What is the units digit of v(73)?
6
Suppose -123 = 3*g - 684. Let q = g - -22. What is the hundreds digit of q?
2
What is the ten thousands digit of (-39)/(-2)*-1*(-12 - (554 + -2))?
1
Let o(p) be the third derivative of 3*p**4/4 - 109*p**3/6 - 16*p**2. What is the hundreds digit of o(26)?
3
Let v = -4023 - -11023. What is the hundreds digit of v?
0
Let t be 17 - 48 - 1*-1. Let a = 35 + t. Suppose 0 = a*i - 5*h - 30, -3 = -4*i + 5*h + 18. What is the units digit of i?
9
Let r be (-15)/(-9) - ((-176)/33 - 9). Suppose 0 = r*i - 2*i - 1568. What is the units digit of i?
2
Let x(q) = 32*q**2 - 9*q + 37. Let i be x(7). Suppose -5*v = -3*c + 2*c + 408, -i = -4*c + 2*v. What is the hundreds digit of c?
3
Let i(p) = -686*p - 297. What is the units digit of i(-5)?
3
Let j = -51 - -53. Suppose -2*w = j*w. Suppose 2*p - 94 - 102 = w. What is the units digit of p?
8
Let j be ((-9)/4)/(-3) + (-295)/(-236). Let f(z) = 23*z**2 + 9*z + 1. What is the hundreds digit of f(j)?
1
Suppose 3*q - 11*w - 30 = -6*w, 2*q = -4*w - 2. Suppose -2*u + q*n = -397, 6*u - 5*n - 1000 = u. What is the units digit of u?
1
Suppose 5*s - 24*s = -95. Suppose o - 3077 = -s*u, -2*u + 573 = 2*o - 661. What is the hundreds digit of u?
6
Suppose 8*h - 4*u = 6*h + 352, 0 = 5*h - 3*u - 866. Suppose -2*n - h = -3268. What is the thousands digit of n?
1
Let z be 1/(-4) - 170/(-40). What is the tens digit of (z - 1)/(78/52)*161?
2
Let i(z) = 14*z**2 - 9*z + 28. Let x be i(7). Let w = 1787 - x. What is the tens digit of w?
3
Let h(u) = -u + 6. Let q be h(3). Suppose q*a + 31 = v, 4*v - 174 = a + a. Suppose -4*d + v + 158 = 0. What is the tens digit of d?
5
Suppose -4*o - s - 2100 = 0, -3*o + 0*o + 5*s = 1552. Let q = 962 + o. Suppose 143 = -5*r + q. What is the tens digit of r?
5
Let k = 15677 + -6985. What is the tens digit of k?
9
Let d = 1523 - -759. Suppose 590*y = 597*y - d. What is the tens digit of y?
2
Let k(b) = 742*b - 531. What is the units digit of k(38)?
5
Let i = -5705 + 12653. What is the tens digit of i?
4
Suppose -90 = 116*c - 126*c. Suppose -2001 = c*g - 8445. What is the tens digit of g?
1
Suppose 2*i + 4 = -5*u, -5*u - i - 1 = 1. Suppose 4*n - 12 + 0 = u. What is the tens digit of 3 + (3*7)/(n/10)?
7
Suppose 62 = -4*j + 74. Suppose 3*q + 8 = 4*q + 2*u, -5 = 2*q - j*u. What is the units digit of 700/5 - (0 + q*-1)?
2
Let t be (-86)/6 - (-2)/6. Let l be (-11 - t) + 37*-1. Let j = 94 + l. What is the units digit of j?
0
Suppose 5*v - 863 = -4*b - 203, -2*v = 2*b - 328. Let h = b - -251. What is the tens digit of h?
1
Suppose -y - n + 53489 = 0, -52517 = -5*y + 2*n + 214879. What is the tens digit of y?
8
Let h = -557 + 565. Let n(x) = 10*x - 11 + 1 - 2*x. What is the units digit of n(h)?
4
Let r be (-18)/(-36)*(-2 - -10). Suppose 0 = -4*g + 2*c + 746, -r*g - 4*c = -g - 576. What is the units digit of g?
8
Let x(t) = 5*t**2 - 14*t. Let i be x(4). Suppose i = 103*r - 100*r. Let b(h) = 20*h + 44. What is the hundreds digit of b(r)?
2
Suppose -2*j - 4*w = -4*j + 62288, 4*w + 124588 = 4*j. Suppose 38*o - j = -5728. What is the units digit of o?
9
What is the units digit of 4*((-16410)/(-120) - 6/4)?
1
Let l be (-424 + -2)*2*(-6)/3. Suppose -l = -15*q - 9*q. What is the units digit of q?
1
Suppose -60*m - 13*m = -443037. What is the thousands digit of m?
6
Let l(h) = 4*h**2 + 3*h - 13. Let k = -83 + 87. Suppose 6*a - k*a - 12 = 0. What is the units digit of l(a)?
9
Suppose 56*q + b - 3370 = 55*q, -13474 = -4*q - 5*b. What is the tens digit of q?
7
Let k be (-1)/(0 + 2/(4*6)). Let o be (-1 + 2/(-4))*k/(-6). What is the units digit of 43/(o/6*-2)?
3
Let h be (1/1)/(2/(-82)). Let b be (137*(-2)/4)/((-345)/690). Let a = b + h. What is the tens digit of a?
9
Let i be -4 - (-12)/(-15)*30/12. What is the units digit of (-11 - -687)*(0 + (-3)/i)?
8
Suppose 12*x + 1368 = 3*x. Let f = -66 - x. Suppose 81*r + 530 = f*r. What is the hundreds digit of r?
1
Suppose -19*f + 51*f - 11*f = 98259. What is the hundreds digit of f?
6
Suppose -16816 = -3*t - 2200. What is the units digit of t?
2
Suppose 0 = -5*t + 3*t + 24. Let p(a) = a**3 - 2*a**3 + 12*a**2 - 6 + 731*a - 717*a. What is the tens digit of p(t)?
6
Let n(w) = 